9) - 2*1. Calculate the highest common divisor of s and 24.
24
Let x be ((-9)/6)/(3/(-4)). Suppose 3*t = -5*c + 83, -7*c + 47 = 2*t - x*c. What is the highest common divisor of 9 and t?
9
Let g be (-44)/(5/((-15)/6) + 0). Suppose -5*r = 3*t - 569, 0*t + 4*r + 218 = t. What is the highest common divisor of t and g?
22
Let h be (-242)/(-1815) + (-167006)/(-30). What is the highest common divisor of 19 and h?
19
Let j(f) = f**2 - 5*f + 5*f - f. Let x be 2 - 0 - (-36 - 6)/(-6). Let k be j(x). What is the greatest common factor of 75 and k?
15
Suppose 0 = -l + 7*l - 66. Calculate the greatest common divisor of 44 and l.
11
Let s(q) = q**2 + 3*q - 1. Let i = 17 + -7. Let v(h) = h**2 - 9*h - 8. Let w be v(i). Let c be s(w). What is the greatest common factor of 63 and c?
9
Let a(f) = -f**3 + 8*f**2 + 11*f + 13. Let j be a(9). Calculate the greatest common factor of j and 217.
31
Let m be (40/(-2))/4*-3. Suppose -5*s = -4*i - 6*s + 23, 0 = -5*s + 15. Calculate the highest common factor of i and m.
5
Suppose -1408 = -5*t + 1947. Suppose 4*m + 695 = 5*o, -2*m + 54 = 5*o - t. What is the greatest common factor of 13 and o?
13
Let g be ((-16199)/(-501))/(2/24). Calculate the greatest common factor of 4 and g.
4
Suppose 171 = 3*r - 81. Suppose -2*c = 3*v + 3*c - 90, -r = -3*v - 3*c. Suppose -4*t - t + v = 5*n, 9 = -3*t. What is the highest common factor of n and 72?
8
Suppose 0 = 2*s - 52 - 0. Let b be (-10)/15*33/(-2) - 0. Suppose -156 = b*c - 15*c. What is the highest common divisor of c and s?
13
Suppose 4*i - 7*i - 36 = 0. Let u(h) = -11*h + 12. Let a be u(i). Let l be (-4)/(-18) + (-426)/(-27). Calculate the highest common factor of a and l.
16
Let i be (1 + (-3)/2)*-4. Suppose -a - 5*q = -q - 8, 3*a = -i*q + 24. Let p be 3 + (5 - 3) + -1. Calculate the greatest common divisor of p and a.
4
Let w(l) = -2*l - 43. Let m be w(-31). Calculate the greatest common factor of 57 and m.
19
Let f be -5 + 2/(-1 + 21/19). Calculate the highest common factor of 1022 and f.
14
Suppose 2*b + 0*b - 130 = 0. Calculate the highest common factor of b and 13.
13
Suppose 59 - 167 = -9*z. What is the greatest common factor of z and 204?
12
Let b(c) = 6*c**2 + c - 8. Let m be b(-3). Calculate the highest common divisor of 258 and m.
43
Suppose -5*d + 20 = -d, -l - 2*d + 7 = 0. Let v(i) = 7 + 4*i - i**3 - 3*i**2 + i**2 - i. Let z be v(l). Calculate the highest common factor of z and 56.
7
Suppose 4*l - 22 = -6. Suppose 2*h + l*v - 524 = 0, -3*h = 2*h - 4*v - 1240. Calculate the highest common divisor of 36 and h.
36
Let i = -29 + 67. Suppose -408*s + 89*s + 96976 = 0. Calculate the greatest common divisor of i and s.
38
Suppose 3*m - 2 = 4. Let y = -22 + m. Let b be (-94)/(-7) + y/(-35). Calculate the highest common divisor of 98 and b.
14
Let u = 213 + -129. Suppose -243 + 91 = -4*t - 2*x, u = 2*t - x. What is the highest common factor of 10 and t?
10
Let t = 337 + -301. Calculate the greatest common divisor of t and 252.
36
Suppose 3*z + 105 - 1182 = 0. Suppose 605 = v + 4*v - 5*p, -3*v - p = -z. What is the greatest common factor of 30 and v?
30
Suppose 16 + 14 = 5*h. Suppose h*a = a - 75. Let x = a - -23. Calculate the greatest common divisor of 2 and x.
2
Let b(i) = i + 4*i + i**2 + 11 + 0 - 5. Suppose 0 = -9*g + 4*g - 30. Let x be b(g). What is the highest common divisor of x and 3?
3
Let m = 909 - 867. What is the greatest common factor of m and 735?
21
Let s = 1283 - 788. Calculate the highest common factor of 594 and s.
99
Suppose 2*b - 10 - 10 = 0. What is the highest common divisor of b and 1630?
10
Let n(a) = -a**3 - 35*a**2 - 10*a - 46. Let h be n(-35). What is the greatest common factor of h and 16?
16
Let n(a) = -a**3 - 12*a**2 + 35*a + 8. Let f be n(-16). Calculate the highest common divisor of 177 and f.
59
Suppose 0*i = -4*i + 8. Suppose -i = 3*t - 89. Calculate the highest common divisor of 116 and t.
29
Let r be 16/6*3/2. Let n = 6 - r. Suppose -4*l = 2*w - 28, -5*l - 63 = -5*w + 67. What is the highest common divisor of w and n?
2
Let q(n) = n**2 - 17*n + 6. Let t be q(17). Calculate the greatest common factor of t and 106.
2
Suppose 50*m - 88 = 162. What is the greatest common factor of 60 and m?
5
Suppose 3*c - 232 = -70. What is the greatest common divisor of c and 486?
54
Let j(t) = 229*t**2 - 15*t. Let l be j(-1). What is the greatest common factor of 8 and l?
4
Let t be (4 + (-210)/36)*-6. Suppose 5*q = -v + 440, -q - 2*v = -4*q + 264. Calculate the highest common factor of t and q.
11
Let t be ((-11)/(-3 + 136/44))/(-1). Let v = -71 + t. What is the highest common factor of 10 and v?
10
Let h be 5 + (-44835)/(-90) + (-5)/(-6). Calculate the greatest common factor of h and 14.
14
Let c(r) = r**2 - 31*r + 12. Let w be c(31). Suppose -3*u = 8*u - 132. What is the highest common divisor of u and w?
12
Suppose 4*m = 193 - 41. Suppose 42*w - 78*w = -3420. Calculate the highest common divisor of m and w.
19
Let o = 110 + -93. Let n be (2 - 0)*97/(-2). Let h = -12 - n. What is the greatest common factor of h and o?
17
Let b = -1733 - -2139. Calculate the highest common divisor of 14 and b.
14
Let u(f) = -15*f - 2. Let o be u(-6). Let d be (-4)/5*(62/(-4) - 2). Let v = d - 6. What is the greatest common factor of v and o?
8
Let r = -811 + 830. What is the greatest common factor of r and 798?
19
Let i(s) = -7*s - 22. Let d be i(-5). Let z = 18 - 10. Let j = d - z. Calculate the highest common divisor of 5 and j.
5
Let x = 173 + -47. Suppose -w + 8*c = 10*c - 4, -4*w + 5*c = -81. Calculate the greatest common divisor of x and w.
14
Suppose 3*o + z = 2*z + 14, -2 = -2*z. Suppose 3*l - 50 = -4*p, -4*l + 75 = l + o*p. Calculate the highest common divisor of l and 20.
10
Let x be (12/(-3))/(-8)*14. Let j = x - 16. Let k be -3 - -7 - 3 - j. Calculate the highest common factor of 5 and k.
5
Let v(q) = 2*q**2 - 26*q - 132. Let r be v(-6). What is the highest common divisor of 120 and r?
24
Let o = 252 + -223. Calculate the greatest common divisor of o and 145.
29
Suppose 4*q + 2*s = 10, -q + 0 = 4*s + 1. Suppose -4*k + q*w - 22 = -5*k, 5*k - 126 = w. What is the highest common factor of 225 and k?
25
Let p(i) be the third derivative of -5*i**4/24 + 4*i**3/3 + 31*i**2. Let y be p(-2). Let x = 422 + -278. Calculate the greatest common divisor of y and x.
18
Suppose -245 = -s - r, 4*s = -r - 2*r + 975. Suppose -4*u = -55*u - 120*u + 6840. Calculate the greatest common factor of u and s.
40
Let r = 256 + -220. Calculate the highest common factor of 16 and r.
4
Let d be 7 - ((-1)/3)/(1/(-3)). Calculate the greatest common factor of 294 and d.
6
Let r(m) = -31*m - 8. Let u be r(-1). Calculate the greatest common factor of u and 253.
23
Suppose 0 = -12*l + l + 66. Suppose 20 = -2*y + 104. Calculate the greatest common factor of y and l.
6
Let h(x) = 6 + x**3 + 145*x + 0 - 139*x - 16*x**2 + 2*x**2. Let s be h(14). What is the greatest common divisor of s and 10?
10
Let z = 2 - -8. Let h = 256 + -251. What is the greatest common factor of z and h?
5
Let s(o) = 3*o - 20. Suppose x + 60 = 5*x. Let v be s(x). Let t be (-2706)/(-27) + (-2)/9. Calculate the highest common factor of v and t.
25
Let k(g) = 8*g**2 - g + 2. Let f be k(-2). Suppose 57*q - 54*q - 69 = -5*s, q - 39 = -3*s. What is the greatest common factor of f and s?
12
Suppose -m + 3*f + 28 = 0, 0 = 3*m + 3*f - f - 73. Let o(d) = d**2 + 2*d + 27. Let r be o(0). Let i = -17 + r. What is the greatest common factor of i and m?
5
Let j be (-3)/12 - (-114)/8. Let n = 11605 - 11591. Calculate the greatest common divisor of j and n.
14
Let u(m) = m**2 - 2*m - 2. Let d be u(-10). Let n = -92 - -158. Let y = d - n. What is the greatest common factor of 13 and y?
13
Let c = -15 - -9. Let f = c + 12. Suppose 10 + f = 2*m. Calculate the highest common factor of m and 88.
8
Let g(c) = -c**3 + 5*c**2 - 2*c + 4. Let f be g(4). Suppose 3 = -3*w - 6. Let r be 2/w + 392/21. Calculate the highest common divisor of f and r.
6
Suppose 12*g - 399 = 9*g. What is the highest common factor of g and 57?
19
Suppose -3*g + 46 = -5*m, 3*g - 3*m = -m + 40. Suppose -g*n + 8*n = -72. What is the highest common divisor of n and 198?
18
Let k be (-348)/(-9)*(1 - -2*1). What is the greatest common divisor of 87 and k?
29
Let u be 3*(-184)/(-6) +